1
What are the prime factors of 4806?
2, 3, 89
What are the prime factors of 12472?
2, 1559
List the prime factors of 47.
47
What are the prime factors of 4075?
5, 163
What are the prime factors of 31389?
3, 10463
List the prime factors of 19430.
2, 5, 29, 67
List the prime factors of 294.
2, 3, 7
List the prime factors of 62450.
2, 5, 1249
What are the prime factors of 377?
13, 29
List the prime factors of 12712.
2, 7, 227
List the prime factors of 1037.
17, 61
List the prime factors of 47745.
3, 5, 1061
What are the prime factors of 441?
3, 7
List the prime factors of 2466.
2, 3, 137
List the prime factors of 30897.
3, 3433
What are the prime factors of 376?
2, 47
What are the prime factors of 754?
2, 13, 29
What are the prime factors of 13847?
61, 227
List the prime factors of 749.
7, 107
List the prime factors of 1306.
2, 653
List the prime factors of 68848.
2, 13, 331
List the prime factors of 61367.
109, 563
List the prime factors of 77493.
3, 13, 1987
What are the prime factors of 529?
23
List the prime factors of 23776.
2, 743
What are the prime factors of 29386?
2, 7, 2099
What are the prime factors of 192382?
2, 43, 2237
List the prime factors of 762.
2, 3, 127
List the prime factors of 7745.
5, 1549
What are the prime factors of 699?
3, 233
What are the prime factors of 1112?
2, 139
What are the prime factors of 1430?
2, 5, 11, 13
What are the prime factors of 33226?
2, 37, 449
What are the prime factors of 7136?
2, 223
What are the prime factors of 4710?
2, 3, 5, 157
List the prime factors of 6597.
3, 733
What are the prime factors of 70108?
2, 17, 1031
List the prime factors of 4097.
17, 241
What are the prime factors of 529?
23
What are the prime factors of 2488?
2, 311
List the prime factors of 139917.
3, 46639
What are the prime factors of 2817?
3, 313
What are the prime factors of 52?
2, 13
What are the prime factors of 945?
3, 5, 7
What are the prime factors of 109336?
2, 79, 173
List the prime factors of 5321.
17, 313
What are the prime factors of 68568?
2, 3, 2857
List the prime factors of 739.
739
What are the prime factors of 14266?
2, 7, 1019
List the prime factors of 1501.
19, 79
What are the prime factors of 531?
3, 59
List the prime factors of 35103.
3, 11701
List the prime factors of 6043.
6043
List the prime factors of 31770.
2, 3, 5, 353
List the prime factors of 1448.
2, 181
What are the prime factors of 966?
2, 3, 7, 23
What are the prime factors of 72926?
2, 7, 5209
What are the prime factors of 3049?
3049
List the prime factors of 3557.
3557
List the prime factors of 72136.
2, 71, 127
What are the prime factors of 1109?
1109
List the prime factors of 11454.
2, 3, 23, 83
What are the prime factors of 135?
3, 5
What are the prime factors of 546?
2, 3, 7, 13
What are the prime factors of 1672?
2, 11, 19
List the prime factors of 786.
2, 3, 131
What are the prime factors of 29279?
19, 23, 67
What are the prime factors of 62511?
3, 67, 311
List the prime factors of 25022.
2, 12511
What are the prime factors of 5272?
2, 659
List the prime factors of 2873.
13, 17
List the prime factors of 201263.
17, 11839
List the prime factors of 136867.
17, 83, 97
What are the prime factors of 405?
3, 5
What are the prime factors of 502?
2, 251
What are the prime factors of 18473?
7, 13, 29
List the prime factors of 124526.
2, 19, 29, 113
What are the prime factors of 789?
3, 263
List the prime factors of 45967.
43, 1069
What are the prime factors of 4668?
2, 3, 389
List the prime factors of 424.
2, 53
List the prime factors of 10685.
5, 2137
What are the prime factors of 31?
31
List the prime factors of 68792.
2, 8599
List the prime factors of 458.
2, 229
List the prime factors of 31351.
107, 293
List the prime factors of 2484.
2, 3, 23
What are the prime factors of 1854?
2, 3, 103
What are the prime factors of 234?
2, 3, 13
What are the prime factors of 6352?
2, 397
List the prime factors of 1115.
5, 223
List the prime factors of 24851.
24851
What are the prime factors of 2819?
2819
List the prime factors of 1487.
1487
List the prime factors of 143.
11, 13
List the prime factors of 62062.
2, 7, 11, 13, 31
What are the prime factors of 10803?
3, 13, 277
What are the prime factors of 5320?
2, 5, 7, 19
List the prime factors of 6096.
2, 3, 127
What are the prime factors of 3312?
2, 3, 23
List the prime factors of 122.
2, 61
What are the prime factors of 60851?
7, 8693
What are the prime factors of 33329?
33329
List the prime factors of 4282.
2, 2141
List the prime factors of 1153.
1153
List the prime factors of 801.
3, 89
What are the prime factors of 132?
2, 3, 11
List the prime factors of 793.
13, 61
What are the prime factors of 149?
149
What are the prime factors of 1080?
2, 3, 5
What are the prime factors of 89940?
2, 3, 5, 1499
What are the prime factors of 147?
3, 7
List the prime factors of 154178.
2, 127, 607
What are the prime factors of 1381?
1381
What are the prime factors of 35284?
2, 8821
What are the prime factors of 176?
2, 11
What are the prime factors of 4548?
2, 3, 379
List the prime factors of 5055.
3, 5, 337
List the prime factors of 4981.
17, 293
List the prime factors of 1033.
1033
What are the prime factors of 496?
2, 31
What are the prime factors of 167806?
2, 83903
List the prime factors of 235.
5, 47
What are the prime factors of 105?
3, 5, 7
What are the prime factors of 2420?
2, 5, 11
What are the prime factors of 10483?
11, 953
What are the prime factors of 38029?
17, 2237
What are the prime factors of 2858?
2, 1429
List the prime factors of 1526.
2, 7, 109
List the prime factors of 7015.
5, 23, 61
What are the prime factors of 2099?
2099
List the prime factors of 77350.
2, 5, 7, 13, 17
What are the prime factors of 95?
5, 19
What are the prime factors of 16803?
3, 1867
List the prime factors of 23126.
2, 31, 373
List the prime factors of 16187.
16187
List the prime factors of 1599.
3, 13, 41
What are the prime factors of 1095?
3, 5, 73
What are the prime factors of 7915?
5, 1583
What are the prime factors of 1354?
2, 677
List the prime factors of 4444.
2, 11, 101
What are the prime factors of 44500?
2, 5, 89
List the prime factors of 194.
2, 97
What are the prime factors of 906?
2, 3, 151
List the prime factors of 18962.
2, 19, 499
What are the prime factors of 1019?
1019
List the prime factors of 30895.
5, 37, 167
What are the prime factors of 721?
7, 103
What are the prime factors of 1703?
13, 131
List the prime factors of 55103.
55103
What are the prime factors of 3140?
2, 5, 157
What are the prime factors of 3203?
3203
What are the prime factors of 17983?
7, 367
List the prime factors of 1001.
7, 11, 13
List the prime factors of 3894.
2, 3, 11, 59
What are the prime factors of 2954?
2, 7, 211
List the prime factors of 2442.
2, 3, 11, 37
What are the prime factors of 1026?
2, 3, 19
List the prime factors of 431.
431
What are the prime factors of 5636?
2, 1409
List the prime factors of 2194.
2, 1097
List the prime factors of 4454.
2, 17, 131
What are the prime factors of 130441?
17, 7673
What are the prime factors of 402?
2, 3, 67
What are the prime factors of 23857?
23857
List the prime factors of 2455.
5, 491
What are the prime factors of 16031?
17, 23, 41
What are the prime factors of 6116?
2, 11, 139
What are the prime factors of 11699?
11699
List the prime factors of 1034.
2, 11, 47
List the prime factors of 51494.
2, 25747
List the prime factors of 93498.
2, 3, 15583
What are the prime factors of 433?
433
What are the prime factors of 11240?
2, 5, 281
What are the prime factors of 16893?
3, 1877
List the prime factors of 77945.
5, 7, 17, 131
What are the prime factors of 25889?
25889
List the prime factors of 157.
157
List the prime factors of 32405.
5, 6481
What are the prime factors of 1202?
2, 601
What are the prime factors of 13281?
3, 19, 233
What are the prime factors of 5146?
2, 31, 83
List the prime factors of 3293.
37, 89
What are the prime factors of 3369?
3, 1123
List the prime factors of 3422.
2, 29, 59
List the prime factors of 19707.
3, 6569
What are the prime factors of 3279?
3, 1093
List the prime factors of 1217.
1217
What are the prime factors of 1460?
2, 5, 73
List the prime factors of 2668.
2, 23, 29
List the prime factors of 6807.
3, 2269
What are the prime factors of 